 + 3*u. Let a(g) = g - 2. Calculate a(f).
6
Let n(h) = 9*h**2 + 9*h - 3. Let t(g) = g**2 + 2*g - 1. Let p(r) = -n(r) + 6*t(r). Give p(2).
-9
Let d(l) be the second derivative of -l**5/20 + l**4/6 + l**3/6 + l**2/2 + 41*l - 1. Give d(3).
-5
Let t(q) = 0 + 13*q**2 - 12*q**2 + 6*q - 3 + 0*q**2. What is t(-6)?
-3
Let g(t) be the second derivative of t**3/6 - t**2/2 - 121*t. Suppose -5*a + a + 2*z = -2, 2*a + z = 7. Calculate g(a).
1
Let w(v) be the first derivative of v**4/4 + 2*v**3 - 3*v**2 + 7*v - 141. Suppose -2*f = 2*f + 28. Let c be (f/(-14))/((-2)/28). Calculate w(c).
0
Suppose -15 = 3*g + 4*v - 7*v, 4*g = v - 17. Let b(h) = -h**3 - 3*h**2 - 2*h. Calculate b(g).
24
Suppose -12 = -82*n + 85*n. Suppose 4*j - 2*p + 2 = j, 0 = 4*j - 4*p + 8. Let m(g) = 5*g + 0*g - 2 + j*g**2 - g**2 + 0. Calculate m(n).
-6
Let w(o) = o - 1. Let y be -2 + (1 + 0 - -5). Suppose -4*f = -7*f - 3. Let r(a) = 3*a - 9. Let v(q) = f*r(q) + y*w(q). Calculate v(-3).
2
Let o(l) = 37*l - 80*l + 44*l + 6 + 0. Determine o(-5).
1
Suppose 2*w - 22 = 28. Suppose -5*c + 20 = -4*i, 4*i = -c - i - w. Let u be 1*(c + 1)*-7. Let r(f) = -f - 2. Give r(u).
5
Let q(d) = d - 4. Let f(k) = -k - 5. Let w be f(-8). Let l be 4/w*(-39)/(-26). Suppose -l*r + 9 = -1. Give q(r).
1
Let c(y) = -5*y - 1. Let f(d) = -d - 11. Let p be f(-8). Let g(z) = 6*z + 1. Let t(x) = p*g(x) - 4*c(x). Suppose -3*o + 2 - 14 = 0. What is t(o)?
-7
Suppose -5*o + 0 = 4*q + 19, -15 = 5*o + 5*q. Let x(c) = -c**2 - 7*c + 2. Determine x(o).
2
Suppose 3*x - 168 = k - 156, 4*k + 3*x = -3. Let o(i) = -i**3 - 5*i**2 - 4*i + 7. Give o(k).
1
Suppose 0 = -331*z + 315*z + 128. Let r(y) = -2*y + 27. Determine r(z).
11
Suppose -174 = -6*o - 66. Suppose w - 2*c - 13 + 7 = 0, -o = -4*w + 5*c. Let v(z) = z**3 - z**2 - 2*z - 1. Calculate v(w).
-1
Let g(l) = -l**2 - l + 3. Let y be -2 + (-9)/(-6) - (-7)/14. Determine g(y).
3
Let k(r) = r + 2. Let v(o) = 4*o + 9. Let c(q) = -10*k(q) + 2*v(q). Determine c(-4).
6
Let x(r) = -r**3 + r**2 + 5. Let u be x(0). Let c = 4 - u. Let q(z) = 4*z + 5*z - 5*z. Give q(c).
-4
Let t(p) = p + 17. Let j be 6*(13/(-39) + (-2)/(-3)). Suppose 7 = l - j*l - 2*h, -4*l + 3*h - 39 = 0. Give t(l).
8
Let o(z) be the second derivative of z**5/20 - 5*z**4/6 - 2*z**3 + 3*z**2 - 110*z. Give o(11).
-5
Let w(n) be the second derivative of -n**5/20 - 7*n**4/12 - 4*n**3/3 - n**2 + 3*n. Suppose 10*l = 13*l + 18. Determine w(l).
10
Let l be 1/(((-2)/(-20))/1). Let j be (8/l)/(20/50). Let u(b) = b**3 - b**2 - b - 1. Calculate u(j).
1
Let a(s) = -3*s + 54. Let x be a(22). Let u(o) = -o - 8. Determine u(x).
4
Suppose -3 = -m - 0. Suppose -i - 3*y + 15 = 0, -2*y + m*y = -2*i + 5. Let c(p) = -p + 3. Give c(i).
3
Let w(h) be the second derivative of -15*h + 1/12*h**4 + 0 + 1/2*h**2 - 1/2*h**3 + 1/20*h**5. Give w(2).
7
Let g(p) = 51*p + 11. Let j(y) = 10*y + 2. Let c(m) = 2*g(m) - 11*j(m). Give c(1).
-8
Let p(z) = -z**2 + 5*z + 19. Let s be p(-3). Let x(h) = -5*h**2 - 12*h**2 + 3*h + 12*h**2 - h**3. What is x(s)?
-15
Let v(j) = 2*j + 1. Let x be (15 - 34)/((-1)/2). Suppose -4*l - 50 = x. Let y = -18 - l. Calculate v(y).
9
Let l(f) = -f - 5. Suppose 5*m - 5*s = -25 + 60, 15 = m - 5*s. Let r be (12/10)/(-3) - 28/m. Calculate l(r).
1
Let l(f) = -f**2 - f + 1. Let z be l(-2). Let m be 2 + z*(2 + -1). Let k(r) = r - 5. Let n(y) = y - 1. Let p(v) = -2*k(v) + 11*n(v). Calculate p(m).
8
Let w(p) = -227*p**3 + 228*p**3 + 3*p**2 - 4 + 1. Determine w(-3).
-3
Let d(o) = o**3 - 6*o**2 - 13*o + 3. Let w be d(8). Let j(i) = -25 - w + 51 + 4*i. Calculate j(1).
3
Suppose -24*k = -25*k + 3*d + 17, 12 = -3*d. Let o(y) be the second derivative of 1/2*y**2 + 0 - k*y + 1/6*y**3. Give o(-1).
0
Let j(b) be the third derivative of -b**8/2520 + b**7/5040 + 11*b**5/60 + 5*b**2. Let v(w) be the third derivative of j(w). What is v(1)?
-7
Let b(z) be the third derivative of -z**4/6 + z**3/3 + 172*z**2. Determine b(7).
-26
Suppose 2*p = -6*i + 2*i + 10, -3*p = -i + 6. Let r(z) = 5*z - z**2 + 21*z**i - 5*z - 15*z**3 + 1. Calculate r(-1).
-6
Let t(f) = 17*f**3 - 13*f**2 + 4*f + 9. Let g(b) = 12*b**3 - 9*b**2 + 3*b + 6. Let m(p) = 7*g(p) - 5*t(p). Determine m(2).
-1
Let k(i) = -234 + 118 - 4*i + 117 + i**2. Determine k(5).
6
Let x(g) = -g**2 - 6*g + 2. Suppose -6*j + 4*r + 12 = -7*j, -3*j = r + 14. Calculate x(j).
10
Let o(s) = s**3 - 5*s**2 - s + 2. Let x be o(5). Let j(u) be the second derivative of u**4/6 + 5*u**3/6 + 2*u**2 - 421*u. What is j(x)?
7
Let w(y) = y**3 - 6*y - 13 - 4*y + 4*y - 11*y**2 - 5*y. Let z be w(12). Let n(k) = 5*k - 1. Determine n(z).
-6
Let n(h) = -3*h**2 + h - 7 - 7*h**2 - 9*h**2 + 20*h**2. Calculate n(-5).
13
Let o(m) be the first derivative of 3*m**4/4 - m**3/3 - m**2/2 + m - 6. Suppose 37 = 3*k - c, 2*c - 46 = -7*k + 3*k. Let z = -11 + k. Calculate o(z).
2
Let d be (-7)/(7/4) + 8. Suppose 3*l + u = -4*u + 32, d*l - 8 = 2*u. Suppose -3*n = 2*n + 3*c + 20, -4*n - 24 = l*c. Let r(a) = 12*a**3 - a**2 - a. Give r(n).
-12
Let h be 44/(-55) - 58/20*-2. Let o(l) = l + 5. What is o(h)?
10
Let x(y) = y**3 + 2*y**2 - 2*y + 8. Let h(r) = -2*r**3 - 3*r**2 + 3*r - 15. Let j = -87 + 92. Let v(z) = j*x(z) + 3*h(z). Let a = 1 + -1. Calculate v(a).
-5
Let d(c) = 5*c**2 + c. Let f(b) = 4*b**2 + b. Let i(l) = 3*d(l) - 2*f(l). Give i(-1).
6
Let k(b) = -b**3 + 13*b**2 + 13*b + 16. Let l(v) = -4*v - 86. Let q be l(-25). Give k(q).
2
Let h(f) = -f**2 + 4*f - 9. Let v be h(3). Let n(a) be the first derivative of 1/2*a**2 - 4 + 0*a. Calculate n(v).
-6
Let n(z) be the third derivative of 9*z**6/40 - z**5/60 + z**4/12 - z**3/6 - 8*z**2 - z. What is n(1)?
27
Suppose 20 + 79 = 9*h. Let r(k) = k**2 - 12*k + 11. Determine r(h).
0
Let i(c) = 5 + 2*c**2 + 3*c**2 + 3*c**2 - 15*c**2 + c**3 + 6*c. Give i(5).
-15
Let k(t) = 3*t**3 - 3*t**2 + t - 2. Let y(x) = x**3 + x. Suppose -1 + 17 = -4*q. Let z(b) = q*y(b) + k(b). Suppose w + 4*a + 2 = 6*a, 5*a = 0. What is z(w)?
0
Let y(o) = 2*o**3 - 4*o**2 + 17*o + 12. Let p(x) = -3*x**3 + 7*x**2 - 31*x - 23. Let q(a) = 3*p(a) + 5*y(a). Determine q(-4).
-25
Let x(a) = -a**3 - 2*a**2 + 2*a + 4. Suppose 11*f = 13*f + 5*w + 16, -3*f = w + 11. Give x(f).
7
Suppose 0 = d + 5*l + 27, -3*d - 26 = -0*d + 4*l. Let n be 2/(d/1) - (-35 + 31). Let p(k) = k - 5. Determine p(n).
-2
Let u(i) = -5*i**2 + i. Let s = 145 - 115. Suppose -5*r - s = -25. Calculate u(r).
-6
Let q be (-3)/((-42)/(-14))*(6 + 1). Let v(b) = b**2 + 8*b + 7. Determine v(q).
0
Let d be (3/2)/(153/(-204)). Let v(z) be the first derivative of 3*z**2/2 - z - 3. What is v(d)?
-7
Suppose -76 = -4*w - 68. Let a(x) = 3*x + w*x - 4 - 8*x + x**2. Let p be -4 + 2 + 12/2. Determine a(p).
0
Let q(v) = v**2 + 3*v - 21. Let w(x) = x**3 - 3*x**2 - 4*x + 6. Let s be w(3). Let m(z) = -2*z**2 - 5*z + 44. Let n(p) = s*m(p) - 13*q(p). Give n(-9).
9
Let q be 0 - -1 - (-3 + 5). Let f be 2 - (-2 + -3 - q). Let h(n) = n - n**2 - 1 - 2 + f + 2. Calculate h(0).
5
Let f(b) = 5*b - 1 + 0*b**3 + 2*b**3 - 6*b**2 - b**3 - 2 + 0. Give f(5).
-3
Suppose 5*c - 17 = 4*c. Let y(x) = 1 + 36*x**2 - c*x**2 - 23*x**2. Give y(-1).
-3
Let m(z) = -z + 8. Let y(g) = g - 7. Let r(l) = -5*m(l) - 6*y(l). Let f = 23 - 21. Let p = -2 - f. What is r(p)?
6
Suppose -15 = -4*d + 1. Let n(u) = -7*u**3 - 4*u**2 - 4*u - 3. Let j(g) = 23*g**3 + 12*g**2 + 13*g + 10. Let i(p) = 4*j(p) + 13*n(p). What is i(d)?
1
Let a(g) be the third derivative of g**4/24 + 5*g**3/3 + g**2. Suppose -26*u + 6*u = 120. Calculate a(u).
4
Let f(w) = -w + 10. Let u be (168/(-36))/(4/(-6)). Calculate f(u).
3
Let h be (-6)/10 - 9/((-90)/(-4)). Let v(s) = -s**2 - 4*s + 6. Let w(a) = -a**2 + 1. Let m(z) = h*v(z) + 2*w(z). What is m(4)?
-4
Let b(m) = -2*m**3 - 2*m - 3. Let a(n) be the second derivative of -n**3/2 - 7*n**2 + 14*n. Let c be a(-4). Give b(c).
17
Let h(t) = 43*t - 25*t + 5*t**2 - 17*t - 12 - 4*t**2. Give h(-6).
18
Let u = 7 + -4. Let y(n) = n**3 + 6*n**2 + 8*n. Let v be y(-4). Let p(r) = 8 + v*r**3 - r**3 + 2*r**u. Give p(0).
8
Suppose 3*y = -12, -28 - 16 = -2*b - 2*y. Let w = b + -31. Let u(d) = d + 3. Let o(x) = 3*x + 7. Let s(r) = w*u(r) + 2*o(r). Determine s(-3).
-4
Let s(k) = k**3 - 37*k**2 + 37*k - 42. Let c be s(36). Let g(u) = -u + 7. Calculate g(c).
13
Suppose -6*g + 2*g = -20. Suppose -4*w + g*j = 11, -w - w - 4*j - 12 = 0. Let h(a) = a